se 6*r + 1130 = 1292. What is the greatest common factor of r and 24?
3
Let o(w) = w**3 - 11*w**2 - 5*w + 6. Let m be o(13). What is the greatest common divisor of m and 31?
31
Suppose 2*y = -3*y + 260. Suppose -x = 5*v + 4*x - 400, 0 = -2*v + 5*x + 146. Calculate the highest common factor of v and y.
26
Let u = 13 + -9. Suppose 15 = -u*j - 57. Let w = -12 - j. Calculate the greatest common divisor of w and 15.
3
Suppose 0 = -19*l + 16 + 22. Calculate the highest common divisor of 46 and l.
2
Let v = 676 + -651. Let o(u) = -u**2 + u + 275. Let g be o(0). Calculate the highest common divisor of v and g.
25
Let g = 173 - 97. What is the greatest common divisor of g and 76?
76
Suppose n - 19*s + 14*s - 203 = 0, 2*n + 3*s = 406. Calculate the greatest common divisor of n and 7.
7
Let y(m) = 8 + 2*m + 7 - 2*m**3 + 11*m**2 - 2. Let s be y(5). Let v = -19 - -35. What is the highest common factor of s and v?
16
Suppose -5*h + 2*b + 8 = 5*b, 0 = -4*h - 4*b. Calculate the greatest common factor of h and 38.
2
Suppose 4*a = m - 76, -4*m - 2*a + 0*a = -322. Suppose o - 2*o = -22. Suppose 5*k = o + 28. What is the highest common factor of m and k?
10
Let k be ((-18)/(-3))/(-3) - -8. Suppose -k - 6 = 2*i. Let l = 10 - i. What is the highest common divisor of l and 8?
8
Let i = 203 + 157. What is the greatest common factor of i and 40?
40
Suppose 2*f - 251 = 3*s - 61, 4*f = -3*s + 398. What is the highest common factor of 147 and f?
49
Let p be 0*(25/(-10))/5. Let k(n) = -n**3 + n**2 - n + 6. Let i be k(p). Let x be 61/i + 3/(-18). What is the highest common divisor of x and 5?
5
Let v = -180 + 693. Let w = 1049 - 992. What is the greatest common divisor of v and w?
57
Suppose -2*m - 34*m + 144 = 0. Let h(w) = -w**2 + 3*w + 1. Let y be h(4). Let k be 6*((-19)/y + 1). Calculate the greatest common divisor of m and k.
4
Let x = 128 + -125. What is the greatest common divisor of 15 and x?
3
Let i be (-2)/(-6)*3*79. Suppose 4*z - 5*m = i, -z + 2 = 2*m - 21. Suppose -287 = -13*w - 14. What is the greatest common divisor of z and w?
21
Let m be 352*(-2 + 12)/40. What is the greatest common factor of m and 55?
11
Suppose 5*s + 25 = 45, -c = 2*s - 75. What is the greatest common factor of c and 1139?
67
Let i(h) = 97*h**3 - 3*h**2 + h. Let x be i(2). Let k = x - 535. Calculate the highest common factor of 21 and k.
21
Let t(d) = 61*d - 118. Let n be t(2). Calculate the greatest common factor of n and 77.
1
Let g be (-2)/(-6) + 334/6. Suppose i + g = 3*i. Let m be (-7)/(0 + (-14)/84). What is the highest common divisor of m and i?
14
Let g(n) = n**3 + 6*n**2 - 7*n - 7. Let l be g(-7). Let a = l + 10. Let h be (-12)/(-3) + -1 - 0. What is the greatest common divisor of a and h?
3
Let u(g) = -g**2 + 8*g + 7. Let n be u(8). Let z = -12 + 29. Let y = z - n. Calculate the highest common factor of 10 and y.
10
Let i(x) = -x**2 + 26*x - 35. Let n be i(24). Calculate the highest common factor of 715 and n.
13
Let o be -3*(60/10 + -46). What is the greatest common divisor of 15 and o?
15
Let n(x) = -43*x - 12. Let d be n(-5). Suppose -4*l - 4*y + 60 = -76, 4*y = 2*l - 38. What is the highest common factor of l and d?
29
Let o = 21 + -15. Let d be -2*(-4)/4 - -23. Let a = d - 19. Calculate the greatest common factor of a and o.
6
Suppose g = -5*z + 2*z - 40, -3*g + 75 = -4*z. Let i be 3*z/(-36)*4. Suppose -i*t + 484 = -t. Calculate the highest common factor of t and 11.
11
Suppose -397*a + 403*a - 390 = 0. What is the greatest common factor of a and 39?
13
Let u = -29 - -29. Let t(r) = r**2 + 88. Let b be t(u). Calculate the highest common factor of 22 and b.
22
Let m be (-2 - 2)*(-19)/(133/322). Calculate the greatest common divisor of m and 69.
23
Let n(k) = -2*k + k + 4*k - 4. Let a be n(-3). Let i(s) = s + 14. Let d be i(a). Calculate the greatest common divisor of d and 3.
1
Let r be 72/2*(-22)/(-4). Suppose -23*p - 3*n = -25*p + 45, 57 = 3*p - n. What is the highest common divisor of p and r?
18
Suppose 109 = -18*w + 541. Calculate the highest common factor of w and 224.
8
Suppose -l = -1 + 6, -4*z - l + 99 = 0. Calculate the greatest common divisor of 130 and z.
26
Suppose 213 = -20*w + 23*w. Suppose 6*x = w - 17. What is the greatest common factor of x and 63?
9
Let x = -3 - -7. Suppose v = 2*c - 1 - 0, 0 = -3*c + 9. Suppose 0 = -g + v*y + 2, 4*y + 38 = 4*g - y. What is the highest common factor of x and g?
4
Suppose -109 = 4*c - 541. What is the greatest common divisor of c and 12?
12
Suppose -30 = -l - 6. Let p = -1274 + 1277. What is the greatest common divisor of l and p?
3
Suppose -35*c + 210 = -0*c. What is the greatest common factor of 32 and c?
2
Let f be (21/42)/(-1*1)*-10. Let i be ((-1)/(-2))/((-5)/(-50)). Calculate the greatest common factor of f and i.
5
Let v = 26 - 10. What is the highest common divisor of 1 and v?
1
Let y(m) = m - 10. Let q = -19 + 45. Suppose -33 = -p + 5*l, q + 25 = 3*p - 3*l. Let a be y(p). What is the greatest common divisor of 12 and a?
3
Let k(b) = -b - 69. Let r be k(21). Let a = r + 230. What is the greatest common divisor of 20 and a?
20
Let g(n) = n**3 + 21*n**2 + 27*n - 22. Suppose -4*f = 3*f + 133. Let h be g(f). Let r = 9 + 8. What is the highest common factor of r and h?
17
Let k be (-46)/(-14) - (-12)/(-42). Suppose 38 = z - l, -5*l + 41 = -z + k*z. Let u = z - 22. What is the greatest common factor of 88 and u?
11
Suppose -79*q + 131*q = 2496. What is the highest common factor of 240 and q?
48
Let p = -40 - -45. Suppose 0 = -3*d + p*d - 8. What is the highest common divisor of d and 3?
1
Let b be (1632/(-120))/((-6)/75). Suppose -148 = -2*k - 12. What is the highest common factor of b and k?
34
Let i be (15/(-2))/(9/96). Let p be (2 + 0)/(-3 + 2) - i. Calculate the highest common divisor of p and 6.
6
Let v be (7 - 1)/(2/7). Let k be 5*3*(20/6 + -2). Suppose k*a - 756 = 16*a. What is the greatest common factor of a and v?
21
Let y(l) = -l**3 - 46*l**2 - 42*l + 168. Let k be y(-45). Calculate the greatest common divisor of 55 and k.
11
Suppose -3*n + 307 = -2*y, -5*n - 3*y + 507 = -4*y. Suppose 2*c = -2*m - 2*m + 118, -3*m + c = -n. Calculate the greatest common factor of 48 and m.
16
Let c(o) = 4*o**3 - o**2 + 4*o + 10. Let m be c(4). What is the greatest common divisor of 1197 and m?
133
Let o = 454 + -449. What is the highest common divisor of o and 610?
5
Let l = 44 - -14. Suppose 4*r = l + 38. Calculate the greatest common divisor of 24 and r.
24
Let w be 9/4 + 1/(-4). Let v be 112/5 - w/5. What is the greatest common divisor of 11 and v?
11
Suppose n - 25 = -4*w, -3*n + 3*w = 5*w - 65. What is the greatest common divisor of n and 21?
21
Suppose 0 = -11*q + 25*q - 1820. What is the greatest common divisor of 20 and q?
10
Suppose 4*u = -5*t - 13, 0 = 13*u - 14*u + 2*t + 13. Calculate the greatest common factor of u and 21.
3
Let n(z) = 15*z**2 + 9*z - 56. Let d be n(4). Calculate the greatest common divisor of d and 44.
44
Let w be 4/10 - 116/(-10). Let s be 48/168 - 46/14. Let h = w + s. What is the highest common divisor of 99 and h?
9
Let l = -79 + 94. Calculate the greatest common divisor of l and 9.
3
Let a(s) = -s**3 + 12. Let b(y) = y**3 - 5*y**2 - 7*y + 6. Let j be b(6). Let q be a(j). What is the greatest common factor of q and 108?
12
Suppose w - 3*q + 0*q + 6 = 0, q = 3*w - 14. Let r(t) = 12*t. Let d be 6/(-15)*10/(-4). Let c be r(d). Calculate the highest common divisor of w and c.
6
Let h(d) = -d**3 - 7*d**2 - 6. Let n be h(-7). Let f = n + 9. Let k be (-3)/(f/4 + -1). What is the highest common factor of 12 and k?
12
Let h = -20 + 22. Suppose 0 = -h*n - 1 + 29. Let r be (-427)/(-49) + 4/n. What is the greatest common divisor of r and 18?
9
Let s be (-3 - -1)/((-9)/1386). What is the greatest common factor of s and 28?
28
Suppose -121 = 7*d - 394. Let o be 4/(-22) + (-564)/44. Let t = o + 26. Calculate the highest common divisor of t and d.
13
Suppose -10 = -2*f + 2. Let m be 6*(-3)/(4 - 1). Let v be (-3)/m*(1 + 5). What is the highest common divisor of f and v?
3
Let j be (0 - (-2 + 2)) + 180. Let d(f) = 363*f - 2884. Let i be d(8). Calculate the greatest common factor of i and j.
20
Let a = 32 + -22. Calculate the greatest common divisor of 470 and a.
10
Suppose q = -2*d + 376, 0*q - 5*q = 2*d - 18